{"id":348,"date":"2024-01-30T19:55:14","date_gmt":"2024-01-30T18:55:14","guid":{"rendered":"https:\/\/larchepourtous.fr\/?page_id=348"},"modified":"2025-03-01T20:47:10","modified_gmt":"2025-03-01T19:47:10","slug":"les-chatons","status":"publish","type":"page","link":"https:\/\/larchepourtous.fr\/index.php\/les-chatons\/","title":{"rendered":"Les Chatons"},"content":{"rendered":"\n<p class=\"has-text-align-center\">Pour toute information concernant l&rsquo;adoption d&rsquo;un chat, vous pouvez consulter notre <a href=\"https:\/\/larchepourtous.fr\/index.php\/modalites-dadoption\/\" data-type=\"page\" data-id=\"71\">page de renseignements<\/a><\/p>\n\n\n\n<div class=\"wp-block-query alignwide is-layout-flow wp-block-query-is-layout-flow\"><div class=\"wp-block-query-no-results\">\n\n<p>Nous n&rsquo;avons pas de chaton disponible \u00e0 l&rsquo;adoption pour le moment, mais vous pouvez regarder du c\u00f4t\u00e9 de <a href=\"https:\/\/larchepourtous.fr\/index.php\/nos-chats\/\" data-type=\"page\" data-id=\"12\">nos chats de plus de 6 mois<\/a>.<\/p>\n\n<\/div>\n\n\n<div class=\"wp-block-group is-layout-flow wp-block-group-is-layout-flow\" style=\"margin-top:0;margin-bottom:0;padding-top:var(--wp--preset--spacing--50);padding-right:0;padding-bottom:var(--wp--preset--spacing--50);padding-left:0\">\n<p class=\"has-text-align-left\">Cliquez sur la fiche de l&rsquo;animal qui vous int\u00e9resse pour avoir plus d&rsquo;informations<\/p>\n\n\n\n<div style=\"height:58px\" aria-hidden=\"true\" class=\"wp-block-spacer\"><\/div>\n\n\n\n\n\n<div style=\"margin-top:0;margin-bottom:0;height:var(--wp--preset--spacing--40)\" aria-hidden=\"true\" class=\"wp-block-spacer\"><\/div>\n\n\n<\/div>\n<\/div>\n","protected":false},"excerpt":{"rendered":"<p>Pour toute information concernant l&rsquo;adoption d&rsquo;un chat, vous pouvez consulter notre page de renseignements<\/p>\n","protected":false},"author":1,"featured_media":0,"parent":0,"menu_order":0,"comment_status":"closed","ping_status":"closed","template":"","meta":{"footnotes":""},"class_list":["post-348","page","type-page","status-publish","hentry"],"yoast_head":"<!-- This site is optimized with the Yoast SEO plugin v26.8 - https:\/\/yoast.com\/product\/yoast-seo-wordpress\/ -->\n<title>Les Chatons - L&#039;Arche Pour Tous<\/title>\n<meta name=\"robots\" content=\"index, follow, max-snippet:-1, max-image-preview:large, max-video-preview:-1\" \/>\n<link rel=\"canonical\" href=\"https:\/\/larchepourtous.fr\/index.php\/les-chatons\/\" \/>\n<meta property=\"og:locale\" content=\"fr_FR\" \/>\n<meta property=\"og:type\" content=\"article\" \/>\n<meta property=\"og:title\" content=\"Les Chatons - L&#039;Arche Pour Tous\" \/>\n<meta property=\"og:description\" content=\"Pour toute information concernant l&rsquo;adoption d&rsquo;un chat, vous pouvez consulter notre page de renseignements\" \/>\n<meta property=\"og:url\" content=\"https:\/\/larchepourtous.fr\/index.php\/les-chatons\/\" \/>\n<meta property=\"og:site_name\" content=\"L&#039;Arche Pour Tous\" \/>\n<meta property=\"article:publisher\" content=\"https:\/\/www.facebook.com\/profile.php?id=100089602710119\" \/>\n<meta property=\"article:modified_time\" content=\"2025-03-01T19:47:10+00:00\" \/>\n<meta property=\"og:image\" content=\"https:\/\/larchepourtous.fr\/wp-content\/uploads\/2024\/02\/1.jpg\" \/>\n\t<meta property=\"og:image:width\" content=\"1200\" \/>\n\t<meta property=\"og:image:height\" content=\"675\" \/>\n\t<meta property=\"og:image:type\" content=\"image\/jpeg\" \/>\n<meta name=\"twitter:card\" content=\"summary_large_image\" \/>\n<meta name=\"twitter:label1\" content=\"Dur\u00e9e de lecture estim\u00e9e\" \/>\n\t<meta name=\"twitter:data1\" content=\"1 minute\" \/>\n<script type=\"application\/ld+json\" class=\"yoast-schema-graph\">{\"@context\":\"https:\/\/schema.org\",\"@graph\":[{\"@type\":\"WebPage\",\"@id\":\"https:\/\/larchepourtous.fr\/index.php\/les-chatons\/\",\"url\":\"https:\/\/larchepourtous.fr\/index.php\/les-chatons\/\",\"name\":\"Les Chatons - L&#039;Arche Pour Tous\",\"isPartOf\":{\"@id\":\"https:\/\/larchepourtous.fr\/#website\"},\"datePublished\":\"2024-01-30T18:55:14+00:00\",\"dateModified\":\"2025-03-01T19:47:10+00:00\",\"breadcrumb\":{\"@id\":\"https:\/\/larchepourtous.fr\/index.php\/les-chatons\/#breadcrumb\"},\"inLanguage\":\"fr-FR\",\"potentialAction\":[{\"@type\":\"ReadAction\",\"target\":[\"https:\/\/larchepourtous.fr\/index.php\/les-chatons\/\"]}]},{\"@type\":\"BreadcrumbList\",\"@id\":\"https:\/\/larchepourtous.fr\/index.php\/les-chatons\/#breadcrumb\",\"itemListElement\":[{\"@type\":\"ListItem\",\"position\":1,\"name\":\"Accueil\",\"item\":\"https:\/\/larchepourtous.fr\/\"},{\"@type\":\"ListItem\",\"position\":2,\"name\":\"Les Chatons\"}]},{\"@type\":\"WebSite\",\"@id\":\"https:\/\/larchepourtous.fr\/#website\",\"url\":\"https:\/\/larchepourtous.fr\/\",\"name\":\"L'Arche Pour Tous\",\"description\":\"Association de sauvetage pour tous les animaux\",\"publisher\":{\"@id\":\"https:\/\/larchepourtous.fr\/#organization\"},\"potentialAction\":[{\"@type\":\"SearchAction\",\"target\":{\"@type\":\"EntryPoint\",\"urlTemplate\":\"https:\/\/larchepourtous.fr\/?s={search_term_string}\"},\"query-input\":{\"@type\":\"PropertyValueSpecification\",\"valueRequired\":true,\"valueName\":\"search_term_string\"}}],\"inLanguage\":\"fr-FR\"},{\"@type\":\"Organization\",\"@id\":\"https:\/\/larchepourtous.fr\/#organization\",\"name\":\"L'Arche Pour Tous\",\"url\":\"https:\/\/larchepourtous.fr\/\",\"logo\":{\"@type\":\"ImageObject\",\"inLanguage\":\"fr-FR\",\"@id\":\"https:\/\/larchepourtous.fr\/#\/schema\/logo\/image\/\",\"url\":\"https:\/\/larchepourtous.fr\/wp-content\/uploads\/2024\/01\/croppedimage-7b0f60f4e09a43e385e42ae48cc49001.png\",\"contentUrl\":\"https:\/\/larchepourtous.fr\/wp-content\/uploads\/2024\/01\/croppedimage-7b0f60f4e09a43e385e42ae48cc49001.png\",\"width\":140,\"height\":140,\"caption\":\"L'Arche Pour Tous\"},\"image\":{\"@id\":\"https:\/\/larchepourtous.fr\/#\/schema\/logo\/image\/\"},\"sameAs\":[\"https:\/\/www.facebook.com\/profile.php?id=100089602710119\",\"https:\/\/www.instagram.com\/larchepourtous\/\"]}]}<\/script>\n<!-- \/ Yoast SEO plugin. -->","yoast_head_json":{"title":"Les Chatons - L&#039;Arche Pour Tous","robots":{"index":"index","follow":"follow","max-snippet":"max-snippet:-1","max-image-preview":"max-image-preview:large","max-video-preview":"max-video-preview:-1"},"canonical":"https:\/\/larchepourtous.fr\/index.php\/les-chatons\/","og_locale":"fr_FR","og_type":"article","og_title":"Les Chatons - L&#039;Arche Pour Tous","og_description":"Pour toute information concernant l&rsquo;adoption d&rsquo;un chat, vous pouvez consulter notre page de renseignements","og_url":"https:\/\/larchepourtous.fr\/index.php\/les-chatons\/","og_site_name":"L&#039;Arche Pour Tous","article_publisher":"https:\/\/www.facebook.com\/profile.php?id=100089602710119","article_modified_time":"2025-03-01T19:47:10+00:00","og_image":[{"width":1200,"height":675,"url":"https:\/\/larchepourtous.fr\/wp-content\/uploads\/2024\/02\/1.jpg","type":"image\/jpeg"}],"twitter_card":"summary_large_image","twitter_misc":{"Dur\u00e9e de lecture estim\u00e9e":"1 minute"},"schema":{"@context":"https:\/\/schema.org","@graph":[{"@type":"WebPage","@id":"https:\/\/larchepourtous.fr\/index.php\/les-chatons\/","url":"https:\/\/larchepourtous.fr\/index.php\/les-chatons\/","name":"Les Chatons - L&#039;Arche Pour Tous","isPartOf":{"@id":"https:\/\/larchepourtous.fr\/#website"},"datePublished":"2024-01-30T18:55:14+00:00","dateModified":"2025-03-01T19:47:10+00:00","breadcrumb":{"@id":"https:\/\/larchepourtous.fr\/index.php\/les-chatons\/#breadcrumb"},"inLanguage":"fr-FR","potentialAction":[{"@type":"ReadAction","target":["https:\/\/larchepourtous.fr\/index.php\/les-chatons\/"]}]},{"@type":"BreadcrumbList","@id":"https:\/\/larchepourtous.fr\/index.php\/les-chatons\/#breadcrumb","itemListElement":[{"@type":"ListItem","position":1,"name":"Accueil","item":"https:\/\/larchepourtous.fr\/"},{"@type":"ListItem","position":2,"name":"Les Chatons"}]},{"@type":"WebSite","@id":"https:\/\/larchepourtous.fr\/#website","url":"https:\/\/larchepourtous.fr\/","name":"L'Arche Pour Tous","description":"Association de sauvetage pour tous les animaux","publisher":{"@id":"https:\/\/larchepourtous.fr\/#organization"},"potentialAction":[{"@type":"SearchAction","target":{"@type":"EntryPoint","urlTemplate":"https:\/\/larchepourtous.fr\/?s={search_term_string}"},"query-input":{"@type":"PropertyValueSpecification","valueRequired":true,"valueName":"search_term_string"}}],"inLanguage":"fr-FR"},{"@type":"Organization","@id":"https:\/\/larchepourtous.fr\/#organization","name":"L'Arche Pour Tous","url":"https:\/\/larchepourtous.fr\/","logo":{"@type":"ImageObject","inLanguage":"fr-FR","@id":"https:\/\/larchepourtous.fr\/#\/schema\/logo\/image\/","url":"https:\/\/larchepourtous.fr\/wp-content\/uploads\/2024\/01\/croppedimage-7b0f60f4e09a43e385e42ae48cc49001.png","contentUrl":"https:\/\/larchepourtous.fr\/wp-content\/uploads\/2024\/01\/croppedimage-7b0f60f4e09a43e385e42ae48cc49001.png","width":140,"height":140,"caption":"L'Arche Pour Tous"},"image":{"@id":"https:\/\/larchepourtous.fr\/#\/schema\/logo\/image\/"},"sameAs":["https:\/\/www.facebook.com\/profile.php?id=100089602710119","https:\/\/www.instagram.com\/larchepourtous\/"]}]}},"_links":{"self":[{"href":"https:\/\/larchepourtous.fr\/index.php\/wp-json\/wp\/v2\/pages\/348","targetHints":{"allow":["GET"]}}],"collection":[{"href":"https:\/\/larchepourtous.fr\/index.php\/wp-json\/wp\/v2\/pages"}],"about":[{"href":"https:\/\/larchepourtous.fr\/index.php\/wp-json\/wp\/v2\/types\/page"}],"author":[{"embeddable":true,"href":"https:\/\/larchepourtous.fr\/index.php\/wp-json\/wp\/v2\/users\/1"}],"replies":[{"embeddable":true,"href":"https:\/\/larchepourtous.fr\/index.php\/wp-json\/wp\/v2\/comments?post=348"}],"version-history":[{"count":4,"href":"https:\/\/larchepourtous.fr\/index.php\/wp-json\/wp\/v2\/pages\/348\/revisions"}],"predecessor-version":[{"id":1269,"href":"https:\/\/larchepourtous.fr\/index.php\/wp-json\/wp\/v2\/pages\/348\/revisions\/1269"}],"wp:attachment":[{"href":"https:\/\/larchepourtous.fr\/index.php\/wp-json\/wp\/v2\/media?parent=348"}],"curies":[{"name":"wp","href":"https:\/\/api.w.org\/{rel}","templated":true}]}}